{"id":496,"date":"2022-07-13T14:04:27","date_gmt":"2022-07-13T14:04:27","guid":{"rendered":"https:\/\/www.abogadosbr.com\/jorge-rubio\/"},"modified":"2022-07-21T11:24:10","modified_gmt":"2022-07-21T11:24:10","slug":"jorge-rubio","status":"publish","type":"page","link":"https:\/\/www.abogadosbr.com\/ca\/jorge-rubio\/","title":{"rendered":"Jorge Rubio"},"content":{"rendered":"<div class=\"fusion-fullwidth fullwidth-box fusion-builder-row-1 fusion-flex-container has-pattern-background has-mask-background nonhundred-percent-fullwidth non-hundred-percent-height-scrolling\" style=\"--awb-border-radius-top-left:0px;--awb-border-radius-top-right:0px;--awb-border-radius-bottom-right:0px;--awb-border-radius-bottom-left:0px;--awb-padding-top:50px;--awb-flex-wrap:wrap;\" ><div class=\"fusion-builder-row fusion-row fusion-flex-align-items-flex-start fusion-flex-content-wrap\" style=\"max-width:1216.8px;margin-left: calc(-4% \/ 2 );margin-right: calc(-4% \/ 2 );\"><div class=\"fusion-layout-column fusion_builder_column fusion-builder-column-0 fusion_builder_column_1_2 1_2 fusion-flex-column\" style=\"--awb-bg-size:cover;--awb-width-large:50%;--awb-margin-top-large:0px;--awb-spacing-right-large:3.84%;--awb-margin-bottom-large:20px;--awb-spacing-left-large:3.84%;--awb-width-medium:50%;--awb-order-medium:0;--awb-spacing-right-medium:3.84%;--awb-spacing-left-medium:3.84%;--awb-width-small:100%;--awb-order-small:0;--awb-spacing-right-small:1.92%;--awb-spacing-left-small:1.92%;\"><div class=\"fusion-column-wrapper fusion-column-has-shadow fusion-flex-justify-content-flex-start fusion-content-layout-column\"><div class=\"fusion-image-element \" style=\"--awb-caption-title-font-family:var(--h2_typography-font-family);--awb-caption-title-font-weight:var(--h2_typography-font-weight);--awb-caption-title-font-style:var(--h2_typography-font-style);--awb-caption-title-size:var(--h2_typography-font-size);--awb-caption-title-transform:var(--h2_typography-text-transform);--awb-caption-title-line-height:var(--h2_typography-line-height);--awb-caption-title-letter-spacing:var(--h2_typography-letter-spacing);\"><span class=\" fusion-imageframe imageframe-none imageframe-1 hover-type-none\"><img decoding=\"async\" width=\"570\" height=\"381\" alt=\"Jorge Rubio\" title=\"Jorge-Rubio\" src=\"https:\/\/www.abogadosbr.com\/wp-content\/uploads\/2022\/07\/Jorge-Rubio.jpg\" class=\"img-responsive wp-image-454\" srcset=\"https:\/\/www.abogadosbr.com\/wp-content\/uploads\/2022\/07\/Jorge-Rubio-200x134.jpg 200w, https:\/\/www.abogadosbr.com\/wp-content\/uploads\/2022\/07\/Jorge-Rubio-400x267.jpg 400w, https:\/\/www.abogadosbr.com\/wp-content\/uploads\/2022\/07\/Jorge-Rubio.jpg 570w\" sizes=\"(max-width: 640px) 100vw, 570px\" \/><\/span><\/div><div class=\"fusion-separator fusion-full-width-sep\" style=\"align-self: center;margin-left: auto;margin-right: auto;margin-top:15px;margin-bottom:15px;width:100%;\"><\/div><div class=\"fusion-text fusion-text-1\"><p>JORGE RUBIO GARCIA, col\u00b7legiat n\u00fam. 14.628 d&#8217;I.C.A.B. i amb domicili professional en 08037 Barcelona, c\/ Mallorca, n\u00fam. 272-276 (Edifici Finan\u00e7a) pis 4t 4a i prove\u00eft de DNI n\u2019 41.079.331C.<\/p>\n<p>Exercici professional des de 1.986<\/p>\n<p>En l&#8217;actualitat soci, des de la seva constituci\u00f3 en 2.003, del despatx *BERTSCHI &amp; RUBIO *ABOGADOS, S.C.P., inscrita posteriorment en el Registre Mercantil de Barcelona en data 12 d&#8217;agost de 2.008, en el Tom 40.652, Foli 157. Fulla B- 370.793 1a com a societat professional i prove\u00efda de N.I.F n\u00fam. J-63388185<\/p>\n<\/div><\/div><\/div><div class=\"fusion-layout-column fusion_builder_column fusion-builder-column-1 fusion_builder_column_1_2 1_2 fusion-flex-column\" style=\"--awb-bg-size:cover;--awb-width-large:50%;--awb-margin-top-large:0px;--awb-spacing-right-large:3.84%;--awb-margin-bottom-large:20px;--awb-spacing-left-large:3.84%;--awb-width-medium:50%;--awb-order-medium:0;--awb-spacing-right-medium:3.84%;--awb-spacing-left-medium:3.84%;--awb-width-small:100%;--awb-order-small:0;--awb-spacing-right-small:1.92%;--awb-spacing-left-small:1.92%;\"><div class=\"fusion-column-wrapper fusion-column-has-shadow fusion-flex-justify-content-flex-start fusion-content-layout-column\"><div class=\"fusion-text fusion-text-2\"><p>\u2022 Llicenciat en Dret per la Universitat Central de Barcelona (1981-1986).<br \/>\n\u2022 Col\u00b7legiat en l&#8217;I.C.A.B. el 23 de setembre de 1.986 amb el n\u00fam. 14.628. Va ser Secretari i Vicepresident del Grup d\u2019Advocats Joves de Barcelona.<br \/>\n\u2022 T\u00edtol de Corredor d&#8217;Assegurances, homologat per la Direcci\u00f3 General d&#8217;Assegurances del Ministeri d&#8217;Economia i Hisenda. (1.987) (1.987)<br \/>\n\u2022 T\u00edtol de Gestor Administratiu en les proves d&#8217;acc\u00e9s celebrades a Madrid a l&#8217;octubre de 1.986.<br \/>\n\u2022 Col\u00b7legiat com no exercint amb el n\u00fam. 2.584 en el Col\u00b7legi Oficial de Gestors Administratius de Catalunya.<br \/>\n\u2022 Seminari sobre l&#8217;aplicaci\u00f3 d&#8217;interessos en operacions Banc\u00e0ries, organitzat per l&#8217;I.C.A.B. al novembre de 1.987.<br \/>\n\u2022 Seminari de Dret Ambiental Aplicat a Seg\u00f2via (juny de 1.990) organitzat per l&#8217;Institut Espanyol de Ci\u00e8ncies Ambientals.<br \/>\n\u2022 M\u00e0ster en Assessoria Comptable i Fiscal per la Universitat Abad Oliba (CEU) (1989-1990).<br \/>\n\u2022 M\u00e0ster en assessoria i Gesti\u00f3 Tribut\u00e0ria per ESADE (1992-1993)<br \/>\n\u2022 Participaci\u00f3 i obtenci\u00f3 de t\u00edtol de de t\u00e8cnic per a la Prevenci\u00f3 i Control de la Legionel\u00b7losi en instal\u00b7lacions industrials l&#8217;any 2.005.<br \/>\n\u2022 Participaci\u00f3 en diferents confer\u00e8ncies i seminaris impartits en el ICAB<br \/>\n\u2022 Curs d&#8217;Administraci\u00f3 Concursal, impartit en el Col\u00b7legi d\u2019*Economistes de Catalunya durant el curs acad\u00e8mic 2009-2010. \u2022 Seminari sobre \u201cAn\u00e0lisi pr\u00e0ctica de la reforma concursal\u201d setembre de 2.011.<br \/>\n\u2022 Assist\u00e8ncia el 9 de novembre de 2.011 al 7\u00e8 F\u00f2rum Concursal \u201cAn\u00e0lisi dels principals aspectes de la reforma de la Llei Concursal\u201d, organitzat pel Col\u00b7legi de Titulars Mercantils de Barcelona.<br \/>\n\u2022 Targeta d&#8217;identitat n\u00fam. 3400-00372 del Consell de l&#8217;Advocacia Europea.<br \/>\n\u2022 Curs Superior de Mediadors Concursals del ICAB.<br \/>\nM\u00faltiples seminaris de perfeccionament i actualitzaci\u00f3 fiscal en organitzacions com a Associaci\u00f3 Professional d&#8217;Experts Comptables i Tributaris d&#8217;Espanya, etc.<\/p>\n<p>Aix\u00ed mateix, ha impartit nombrosos cursos d&#8217;actualitzaci\u00f3 i\/o formaci\u00f3 per a clients a l&#8217;Escola Superior d&#8217;Estudis Internacionals (E.S.E.I.) des de 1.989 a 2003.<\/p>\n<p>A nivell professional ha dirigit m\u00faltiples procediments en aquesta mat\u00e8ria. Aix\u00ed mateix, ha col\u00b7laborat professionalment amb diferents despatxos en diversos processos. Ha estat nomenat en diverses ocasions marmessor testamentari i executat l&#8217;enc\u00e0rrec de manera efectiva i satisfact\u00f2ria.<\/p>\n<p>Adscrit a la llista de Comptadors Partidors i d&#8217;Administradors Concursals de l&#8217;I.C.A.B. i participa en f\u00f2rums sectorials com Concursalia de Linkedin.<\/p>\n<\/div><\/div><\/div><\/div><\/div>\n","protected":false},"excerpt":{"rendered":"","protected":false},"author":1,"featured_media":0,"parent":0,"menu_order":0,"comment_status":"closed","ping_status":"closed","template":"100-width.php","meta":{"footnotes":""},"class_list":["post-496","page","type-page","status-publish","hentry"],"aioseo_notices":[],"_links":{"self":[{"href":"https:\/\/www.abogadosbr.com\/ca\/wp-json\/wp\/v2\/pages\/496","targetHints":{"allow":["GET"]}}],"collection":[{"href":"https:\/\/www.abogadosbr.com\/ca\/wp-json\/wp\/v2\/pages"}],"about":[{"href":"https:\/\/www.abogadosbr.com\/ca\/wp-json\/wp\/v2\/types\/page"}],"author":[{"embeddable":true,"href":"https:\/\/www.abogadosbr.com\/ca\/wp-json\/wp\/v2\/users\/1"}],"replies":[{"embeddable":true,"href":"https:\/\/www.abogadosbr.com\/ca\/wp-json\/wp\/v2\/comments?post=496"}],"version-history":[{"count":5,"href":"https:\/\/www.abogadosbr.com\/ca\/wp-json\/wp\/v2\/pages\/496\/revisions"}],"predecessor-version":[{"id":502,"href":"https:\/\/www.abogadosbr.com\/ca\/wp-json\/wp\/v2\/pages\/496\/revisions\/502"}],"wp:attachment":[{"href":"https:\/\/www.abogadosbr.com\/ca\/wp-json\/wp\/v2\/media?parent=496"}],"curies":[{"name":"wp","href":"https:\/\/api.w.org\/{rel}","templated":true}]}}

<div class="fusion-fullwidth fullwidth-box fusion-builder-row-1 fusion-flex-container has-pattern-background has-mask-background nonhundred-percent-fullwidth non-hundred-percent-height-scrolling" style="--awb-border-radius-top-left:0px;--awb-border-radius-top-right:0px;--awb-border-radius-bottom-right:0px;--awb-border-radius-bottom-left:0px;--awb-padding-top:50px;--awb-flex-wrap:wrap;" ><div class="fusion-builder-row fusion-row fusion-flex-align-items-flex-start fusion-flex-content-wrap" style="max-width:1216.8px;margin-left: calc(-4% / 2 );margin-right: calc(-4% / 2 );"><div class="fusion-layout-column fusion_builder_column fusion-builder-column-0 fusion_builder_column_1_2 1_2 fusion-flex-column" style="--awb-bg-size:cover;--awb-width-large:50%;--awb-margin-top-large:0px;--awb-spacing-right-large:3.84%;--awb-margin-bottom-large:20px;--awb-spacing-left-large:3.84%;--awb-width-medium:50%;--awb-order-medium:0;--awb-spacing-right-medium:3.84%;--awb-spacing-left-medium:3.84%;--awb-width-small:100%;--awb-order-small:0;--awb-spacing-right-small:1.92%;--awb-spacing-left-small:1.92%;"><div class="fusion-column-wrapper fusion-column-has-shadow fusion-flex-justify-content-flex-start fusion-content-layout-column"><div class="fusion-image-element " style="--awb-caption-title-font-family:var(--h2_typography-font-family);--awb-caption-title-font-weight:var(--h2_typography-font-weight);--awb-caption-title-font-style:var(--h2_typography-font-style);--awb-caption-title-size:var(--h2_typography-font-size);--awb-caption-title-transform:var(--h2_typography-text-transform);--awb-caption-title-line-height:var(--h2_typography-line-height);--awb-caption-title-letter-spacing:var(--h2_typography-letter-spacing);"><span class=" fusion-imageframe imageframe-none imageframe-1 hover-type-none"><img decoding="async" width="570" height="381" alt="Jorge Rubio" title="Jorge-Rubio" src="https://www.abogadosbr.com/wp-content/uploads/2022/07/Jorge-Rubio.jpg" class="img-responsive wp-image-454" srcset="https://www.abogadosbr.com/wp-content/uploads/2022/07/Jorge-Rubio-200x134.jpg 200w, https://www.abogadosbr.com/wp-content/uploads/2022/07/Jorge-Rubio-400x267.jpg 400w, https://www.abogadosbr.com/wp-content/uploads/2022/07/Jorge-Rubio.jpg 570w" sizes="(max-width: 640px) 100vw, 570px" /></span></div><div class="fusion-separator fusion-full-width-sep" style="align-self: center;margin-left: auto;margin-right: auto;margin-top:15px;margin-bottom:15px;width:100%;"></div><div class="fusion-text fusion-text-1"><p>JORGE RUBIO GARCIA, col·legiat núm. 14.628 d&#8217;I.C.A.B. i amb domicili professional en 08037 Barcelona, c/ Mallorca, núm. 272-276 (Edifici Finança) pis 4t 4a i proveït de DNI n’ 41.079.331C.</p>
<p>Exercici professional des de 1.986</p>
<p>En l&#8217;actualitat soci, des de la seva constitució en 2.003, del despatx *BERTSCHI &amp; RUBIO *ABOGADOS, S.C.P., inscrita posteriorment en el Registre Mercantil de Barcelona en data 12 d&#8217;agost de 2.008, en el Tom 40.652, Foli 157. Fulla B- 370.793 1a com a societat professional i proveïda de N.I.F núm. J-63388185</p>
</div></div></div><div class="fusion-layout-column fusion_builder_column fusion-builder-column-1 fusion_builder_column_1_2 1_2 fusion-flex-column" style="--awb-bg-size:cover;--awb-width-large:50%;--awb-margin-top-large:0px;--awb-spacing-right-large:3.84%;--awb-margin-bottom-large:20px;--awb-spacing-left-large:3.84%;--awb-width-medium:50%;--awb-order-medium:0;--awb-spacing-right-medium:3.84%;--awb-spacing-left-medium:3.84%;--awb-width-small:100%;--awb-order-small:0;--awb-spacing-right-small:1.92%;--awb-spacing-left-small:1.92%;"><div class="fusion-column-wrapper fusion-column-has-shadow fusion-flex-justify-content-flex-start fusion-content-layout-column"><div class="fusion-text fusion-text-2"><p>• Llicenciat en Dret per la Universitat Central de Barcelona (1981-1986).<br />
• Col·legiat en l&#8217;I.C.A.B. el 23 de setembre de 1.986 amb el núm. 14.628. Va ser Secretari i Vicepresident del Grup d’Advocats Joves de Barcelona.<br />
• Títol de Corredor d&#8217;Assegurances, homologat per la Direcció General d&#8217;Assegurances del Ministeri d&#8217;Economia i Hisenda. (1.987) (1.987)<br />
• Títol de Gestor Administratiu en les proves d&#8217;accés celebrades a Madrid a l&#8217;octubre de 1.986.<br />
• Col·legiat com no exercint amb el núm. 2.584 en el Col·legi Oficial de Gestors Administratius de Catalunya.<br />
• Seminari sobre l&#8217;aplicació d&#8217;interessos en operacions Bancàries, organitzat per l&#8217;I.C.A.B. al novembre de 1.987.<br />
• Seminari de Dret Ambiental Aplicat a Segòvia (juny de 1.990) organitzat per l&#8217;Institut Espanyol de Ciències Ambientals.<br />
• Màster en Assessoria Comptable i Fiscal per la Universitat Abad Oliba (CEU) (1989-1990).<br />
• Màster en assessoria i Gestió Tributària per ESADE (1992-1993)<br />
• Participació i obtenció de títol de de tècnic per a la Prevenció i Control de la Legionel·losi en instal·lacions industrials l&#8217;any 2.005.<br />
• Participació en diferents conferències i seminaris impartits en el ICAB<br />
• Curs d&#8217;Administració Concursal, impartit en el Col·legi d’*Economistes de Catalunya durant el curs acadèmic 2009-2010. • Seminari sobre “Anàlisi pràctica de la reforma concursal” setembre de 2.011.<br />
• Assistència el 9 de novembre de 2.011 al 7è Fòrum Concursal “Anàlisi dels principals aspectes de la reforma de la Llei Concursal”, organitzat pel Col·legi de Titulars Mercantils de Barcelona.<br />
• Targeta d&#8217;identitat núm. 3400-00372 del Consell de l&#8217;Advocacia Europea.<br />
• Curs Superior de Mediadors Concursals del ICAB.<br />
Múltiples seminaris de perfeccionament i actualització fiscal en organitzacions com a Associació Professional d&#8217;Experts Comptables i Tributaris d&#8217;Espanya, etc.</p>
<p>Així mateix, ha impartit nombrosos cursos d&#8217;actualització i/o formació per a clients a l&#8217;Escola Superior d&#8217;Estudis Internacionals (E.S.E.I.) des de 1.989 a 2003.</p>
<p>A nivell professional ha dirigit múltiples procediments en aquesta matèria. Així mateix, ha col·laborat professionalment amb diferents despatxos en diversos processos. Ha estat nomenat en diverses ocasions marmessor testamentari i executat l&#8217;encàrrec de manera efectiva i satisfactòria.</p>
<p>Adscrit a la llista de Comptadors Partidors i d&#8217;Administradors Concursals de l&#8217;I.C.A.B. i participa en fòrums sectorials com Concursalia de Linkedin.</p>
</div></div></div></div></div>
